e
Let j = -33 + 37. Suppose 0 = 2*b + 4*y - 1362, -y - 2098 = -3*b + j*y. Is b a composite number?
False
Let n(f) = -71*f - 5. Let u be n(3). Let t = u - -437. Is t a prime number?
False
Is 4406/3*(-105)/(-70) prime?
True
Suppose 0 = -a - 5*p, 5*a - 13*p - 58 = -9*p. Let x(b) = -b**3 + 13 - 3*b - 9*b + 11*b**2 + b. Is x(a) prime?
True
Let c be -3 + 3 + 730 + 9/(-3). Suppose c = 4*f - 597. Is f a prime number?
True
Suppose 2*u + 5 = -5*r, 13*r - 5*u + 13 = 17*r. Is ((-23289)/(-14))/(r/(-4)) + -1 prime?
False
Suppose -5*r + 10 = -2*y - 0, -4*y + 12 = -2*r. Let h(q) = -26*q + 14. Let i(a) = 17*a - 9. Let j(m) = y*h(m) + 7*i(m). Is j(-5) prime?
False
Let h be 1/(-3)*144/(-8). Let x(j) = 6*j**2 - 5*j + 5. Is x(h) a composite number?
False
Suppose 0 = 4*z - t - 0*t + 30037, -2*t - 6 = 0. Is 30/(-25)*z/4 a composite number?
True
Suppose -10*z + 13*z - 3720 = 0. Suppose -4*d + z = -0*d. Suppose -d = -b - 4*o, -b - 54 + 350 = -3*o. Is b a composite number?
True
Let j = -282 + 613. Is j composite?
False
Let h(f) = 3*f**2 + 787. Let u be h(0). Is (1 - -1 - 4) + u prime?
False
Is ((34/(-4))/(-1))/(24/75984) composite?
True
Suppose 24*u - 8*u - 787120 = 0. Is u a prime number?
False
Is ((-3271)/3)/(1/(-3)*1) prime?
True
Let c(n) = -60*n - 17. Let g(d) = d**2 + 59*d + 17. Let b(z) = 6*c(z) + 7*g(z). Is b(-15) composite?
False
Let w = -10 - -14. Suppose 0 = -4*a + 2*l + 12, 3*l = 3*a - w*a + 3. Suppose a*h = 7*h - 356. Is h composite?
False
Suppose -76*x + 83*x - 91427 = 0. Is x prime?
False
Let d(c) = 48*c**2 - c. Let j be d(1). Suppose 3*i + 210 = 360. Suppose -3*u + j = 2*x - x, -4*u + i = x. Is x a composite number?
True
Is (-107871)/(-21) + 20/70 composite?
True
Let m = 2 - 6. Let w(n) = -50*n - 23. Is w(m) composite?
True
Let a(m) = 15*m + 7*m**2 - 7*m + 29 + 8*m - 3*m**2. Is a(-11) a composite number?
False
Is 10 + (-4 - 4) - 1*-2031 prime?
False
Suppose o + 3955 = 5*i - 3*i, -2*i + 3946 = -4*o. Suppose 1603 = 4*f - 5*r, -5*f - 2*r + i = -0*f. Is f a prime number?
True
Suppose -h + 23 = 16. Suppose 5*x + 244 = h*x. Is x a composite number?
True
Is -17*-1*(-15)/(-5) prime?
False
Let i(v) = -5*v**3 - 6*v**2 + v - 53. Is i(-7) prime?
True
Let s be 159/33 + 6/33. Suppose -c - 3*c - 458 = -s*f, 3*c = 9. Is f a composite number?
True
Suppose -13*f - 811 = -12654. Is f prime?
True
Suppose 9*y = 2815 - 502. Is y prime?
True
Suppose 5*f - 26320 = -5*j, -5*f = -2*j - 0*f + 10521. Is j composite?
True
Is ((-82942)/226)/(2 + (-46)/22) prime?
False
Suppose 3*b + 32 = -5*o, -3*b - 15 = -3. Let y be -2*(-2)/o*0. Suppose -5*j + 3*x + 1180 = y, 0*x - 243 = -j + 2*x. Is j a prime number?
True
Is 115191/(-6)*(136/24 + -7) composite?
True
Suppose 0 = -2*k + 45 + 195. Let u(f) = -f**3 - 5*f**2 + 8*f. Let o be u(-6). Is k/o*(-1 + 0) prime?
False
Let q(b) = -b**2 + 32*b - 30. Let k be q(31). Is 15850/15 - -4 - k/(-3) prime?
True
Let l(q) = 47*q**3 - q**2 - 2*q - 1. Let h be l(-1). Let u = h - -102. Is u a composite number?
True
Is 521*(-6 + (-4 - -15)) a prime number?
False
Let q(f) = 18508*f - 5. Is q(1) a prime number?
True
Suppose -55*n + 51*n + 36364 = 0. Is n a composite number?
False
Let g(r) = r**3 + 4*r**2 + r - 2. Let a be g(-2). Let v be 6/(-8) + 1 - 3806/(-8). Suppose 96 = a*p - v. Is p composite?
True
Let t = 35 - 33. Is (-506)/(-4)*(t - 0) a prime number?
False
Is (-23)/(-5*4/1180) composite?
True
Suppose 4*w = -4*p - 92, 4*p - w + 133 = -p. Let t = p + 29. Suppose -4*q + 0*n + 1873 = n, -t*q + 1392 = 5*n. Is q a prime number?
False
Suppose 2*q = -q - 4*o + 15, -2*q + 5*o - 13 = 0. Let c be -8*(3/q)/(-12). Is (23/c)/1*2 a prime number?
True
Let h = 16222 + -9021. Is h a composite number?
True
Suppose -3*u + 65 + 19 = 0. Let h be (-1 + 106)*u/21. Suppose 6*n = 2*n + h. Is n prime?
False
Is (64317/(-9))/11*-15 a composite number?
True
Suppose -130517 = -6*q + 55177. Is q prime?
True
Let h(l) = -2*l**3 - 73*l**2 + 86*l + 23. Is h(-38) prime?
True
Suppose -135*g + 947028 = -123*g. Is g a composite number?
False
Let v(x) = -13*x - 22. Let z be v(-7). Suppose 3*b + z - 171 = 0. Is b a prime number?
False
Let z(y) = y**3 - y + 131. Let x(k) = 4*k + 20. Let a be x(-5). Is z(a) a composite number?
False
Is -1 - 1*-49096 - -8 prime?
True
Suppose -252 = -9*t + 6*t. Suppose -s = -t - 117. Is s a prime number?
False
Let d be 188/(-6)*(-46 - 2). Suppose 4*v - 2040 = 2*h, -v = 2*v + 5*h - d. Suppose 2*j + 2*j - v = 0. Is j a composite number?
False
Suppose 4*q = 3*r - 2140, -2*r - 5*q - 1415 = -4*r. Let h = -373 + r. Is h prime?
True
Suppose p + a - 5079 = 0, -2*a = p - 3335 - 1748. Let d = p - 3598. Is d prime?
False
Suppose 2*b = u + 1 + 1, -5*u = -b - 17. Suppose 3*c - 116 = -2*c + 3*a, u*c - 85 = 5*a. Suppose c + 60 = k. Is k composite?
True
Let l = 42 + -30. Suppose -5*q = -4*n + 4214 - 238, -l = -3*n. Let x = -559 - q. Is x prime?
True
Let u = -53136 + 74545. Is u composite?
True
Suppose -5*c + 4622 = -0*c + 2*i, 1836 = 2*c + 4*i. Let b = 1427 - c. Is b composite?
True
Is 5/(-2) - (0 - (-252206)/(-4)) composite?
True
Let j = -12 + 14. Suppose 2*x = j*w - x - 421, -431 = -2*w + 5*x. Is (5 + -3)/(2/w) composite?
True
Suppose 9*f = 6*f - s - 376, 242 = -2*f - 5*s. Let q = f + 317. Is q a composite number?
False
Let d = -5 + 5. Let q(g) = -g - 35. Let i be q(d). Is (-2044)/i + (-6)/(-10) a composite number?
False
Suppose 0 = 3*r - 6*r. Suppose 5*n + r*n = 45. Is (-1 + 4)*21/n composite?
False
Suppose 0 = 876*k - 879*k + 74787. Is k prime?
False
Suppose v = 4*u - 6 - 5, -3*u - 3*v + 27 = 0. Suppose -y + 4 = -2*s, 2*y + 0*s = -u*s. Suppose 38 = -y*n + 4*n. Is n composite?
False
Suppose -6 = 8*w - 10*w. Suppose 380 + 397 = w*a. Is a composite?
True
Let m(z) = -z**2 + 137*z - 5. Is m(16) prime?
True
Suppose -k + 77 = 5*w, -3*w + 41 + 10 = -k. Suppose -2*d + 18 = w. Is d + 2 - (-680)/1 composite?
False
Suppose -21*x - 10*x + 9145 = 0. Is x composite?
True
Suppose -w - 4*a = -7*a - 12677, 50722 = 4*w - 5*a. Is w composite?
True
Suppose 225 = -n - 332. Suppose -4*j - 5*b = -752, 3*b + 188 = j + b. Let d = j - n. Is d a prime number?
False
Is (5*22737 + 1)*1/2 prime?
True
Let s(u) = -15*u**2 + 3*u - 2. Let j be s(-3). Let v = j - -346. Let r = v - 123. Is r composite?
True
Is (1 - 634)*(-714)/126 a composite number?
True
Suppose 5722 = -35*d + 36*d. Is d composite?
True
Let h(o) = -132*o + 1. Let n(m) = m**2 - 19*m - 1. Let u be n(19). Is h(u) composite?
True
Let x(l) = 13 + 67*l**2 - 312*l**2 - 94*l**2. Let z(n) = -85*n**2 + 3. Let t(i) = 2*x(i) - 9*z(i). Is t(2) a prime number?
True
Suppose -4*v = -0*c + c, 2*v - 18 = 4*c. Let t be 1*485 - (1 + v). Let d = t + -154. Is d prime?
False
Suppose 7636 = -12*i + 16*i. Is i a composite number?
True
Suppose 4*v = 2*v - 394. Let b(s) = s + 286. Let r be b(0). Let z = r + v. Is z prime?
True
Suppose 0*i + 4*z - 226 = -i, 2*z = 10. Suppose -268 - 9 = -5*p + 3*t, -285 = -5*p + 5*t. Let q = p + i. Is q prime?
False
Let i = -6 - -9. Suppose 0 = -8*l + i*l + 90. Let y = l + -4. Is y prime?
False
Suppose -10*f + 116 = -14*f. Let h = -22 - f. Is h a composite number?
False
Let u = -31 - -37. Is (-82524)/(-32) - u/(-48) a composite number?
False
Suppose -205451 = -40*u + 285069. Is u a prime number?
True
Suppose 5*n - 5 = 0, 0 = 4*m - 8*m + 5*n - 17757. Let s = 7095 + m. Is s a prime number?
True
Let q(k) = k**2 - 4*k. Suppose 3 = 2*h - 1. Let a be q(h). Is ((-123)/(-6))/(a/(-56)) composite?
True
Suppose 1811*g + 116837 = 1818*g. Is g a prime number?
True
Let o(b) = b**2 + 5*b + 8. Let x be o(-4). Let a be (-6)/15 + x/10. Suppose -z = -a*z - 407. Is z a composite number?
True
Let j be -3 - (1/(-2))/(6/84). Let i(q) = 48*q**2 + 4*q + 1. Is i(j) a prime number?
False
Let r(k) = -k**3 - k - 6. Let f be r(0). Let p(a) be the second derivative of -a**5/10 + a**4/6 + a**3/2 - a**2/2 + 29*a. Is p(f) composite?
True
Suppose -320*k + 127147 = -319*k. Is k a composite number?
True
Suppose 0 = -5*o + 24 - 9, 5519 = 2*u - 5*o. Is u prime?
True
Suppose 4*t - 4*a - 12 = -a, 5*a = -t + 3. Let x be t + -2 + -2 + -7. Is 148 + -6*(-4)/x composite?
True
Let z(n) be the second derivative of 10/3*n**3 - 21/2*n**2 + 0 + 5*n. Is z(11) a prime number?
True
Let y(q) be the third derivative of -q**6/120 + q**5/12 + q**3/2 + 2*q**2 - 33. Let r(i) = 3*i - 2. Let p be r(